{"id":897,"date":"2011-02-20T16:45:26","date_gmt":"2011-02-20T16:45:26","guid":{"rendered":"http:\/\/www.progreskb.pl\/?page_id=897"},"modified":"2026-01-05T22:47:52","modified_gmt":"2026-01-05T20:47:52","slug":"kleje-i-uszczelniacze","status":"publish","type":"page","link":"https:\/\/www.progreskb.pl\/?page_id=897","title":{"rendered":"Uszczelniacze i kleje uszczelniaj\u0105ce 3M"},"content":{"rendered":"<p><a href=\"https:\/\/www.progreskb.pl\/wp-content\/uploads\/2011\/02\/uszczelniacze.jpg\"><img loading=\"lazy\" decoding=\"async\" class=\"alignleft size-full wp-image-1252\" title=\"uszczelniacze\" src=\"https:\/\/www.progreskb.pl\/wp-content\/uploads\/2011\/02\/uszczelniacze.jpg\" alt=\"uszczelniacze\" width=\"200\" height=\"148\" \/><\/a><\/p>\n<p>Kleje przemys\u0142owe 3M s\u0105 dobrze znane i doceniane przez ich u\u017cytkownik\u00f3w, firmy z wi\u0119kszo\u015bci bran\u017c produkcyjnych. Wsp\u00f3\u0142czesny odbiorca przemys\u0142owy wymaga od swoich dostawc\u00f3w nie tylko dostarczania produkt\u00f3w spe\u0142niaj\u0105cych najwy\u017csze standardy, ale te\u017c oferowania maksymalnie rozbudowanej oferty. Pod\u0105\u017caj\u0105c za potrzebami klient\u00f3w, 3M wprowadzi\u0142o do oferty jednosk\u0142adnikowe kleje uszczelniaj\u0105ce i uszczelniacze. Dzi\u0119ki temu mo\u017cemy zaoferowa\u0107 kompleksowe technologie klejenia do zastosowa\u0144 w produkcji oraz naprawie pojazd\u00f3w i \u0142odzi.<\/p>\n<p><span style=\"text-decoration: underline;\">Nowe produkty to:<\/span><\/p>\n<ul>\n<li>Uszczelniacze poliuretanowe \u2013 stanowi\u0105 ekonomiczne rozwi\u0105zanie, zapewniaj\u0105 elastyczn\u0105 spoin\u0119 i wysok\u0105 wytrzyma\u0142o\u015b\u0107.<\/li>\n<li>Uszczelniacze hybrydowe \u2013 o niskiej zawarto\u015b\u0107 szkodliwych substancji, wysokiej trwa\u0142o\u015bci i odporno\u015bci na promieniowanie UV.<\/li>\n<\/ul>\n<p><strong>Kleje uszczelniaj\u0105ce i uszczelniacze do produkcji pojazd\u00f3w<\/strong><\/p>\n<p>Poliuretanowe oraz hybrydowe uszczelniacze 3M przeznaczone s\u0105 do zastosowania w produkcji, adaptacji i naprawie autobus\u00f3w, nadwozi kontenerowych, wagon\u00f3w, przyczep i samochod\u00f3w kempingowych, ci\u0119\u017car\u00f3wek oraz pojazd\u00f3w specjalnych:<\/p>\n<ol>\n<li>uszczelnianie i po\u0142\u0105czenia element\u00f3w zabudowy pojazd\u00f3w.\n<ol>\n<li>uszczelnianie paneli zamocowanych mechanicznie (\u015bruby, nity) lub np. ta\u015bmami VHB<\/li>\n<\/ol>\n<\/li>\n<li>uszczelnianie po\u0142\u0105cze\u0144 paneli bocznychi dachowych (wewn\u0119trznych i zewn\u0119trznych),<\/li>\n<li>przyklejanie paneli dachowych i bocznych (wewn\u0119trznych i zewn\u0119trznych)<\/li>\n<li>przyklejanie i uszczelnianie pod\u0142\u00f3g,<\/li>\n<li>wklejanie szyb<\/li>\n<\/ol>\n<p><strong>Kleje uszczelniaj\u0105ce i uszczelniacze do produkcji i utrzymanie jacht\u00f3w i \u0142odzi<\/strong><\/p>\n<p>Poliuretanowe oraz hybrydowe uszczelniacze 3M dla producent\u00f3w \u0142odzi \u017caglowych i motorowych oraz dla hobbyst\u00f3w i pasjonat\u00f3w, dla kt\u00f3rych jacht jest drugim domem:<\/p>\n<ol>\n<li>fugowanie pok\u0142ad\u00f3w z drewna tekowego<\/li>\n<li>przyklejanie pok\u0142adu tekowego do pod\u0142o\u017ca<\/li>\n<li>wklejanie okien<\/li>\n<li>Przyklejanie g\u00f3rnego pok\u0142adu do kad\u0142uba g\u0142\u00f3wnego<\/li>\n<li>Uszczelnianie mocowa\u0144 osprz\u0119tu pok\u0142adowego (nad i pod lini\u0105 zanurzenia)<\/li>\n<li>wklejanie osprz\u0119tu pok\u0142adowego<\/li>\n<\/ol>\n<p>Ofert\u0119 uszczelniaczy i klej\u00f3w uszczelniaj\u0105cych uzupe\u0142niaj\u0105 preparaty do przygotowania powierzchni: preparat oczyszczaj\u0105cy powierzchni\u0119 oraz lakiery podk\u0142adowe, dzi\u0119ki kt\u00f3rym uzyskiwana jest maksymalna si\u0142\u0105apo\u0142\u0105czenia przy stosowaniu uszczeniaczy z metalami, drewnem, szk\u0142em i pow\u0142okami ceramicznymi, tworzywami sztucznymi (PMMA i poliestry).<\/p>\n<div><a title=\"Katalog klej\u00f3w 3M\" href=\"https:\/\/multimedia.3m.com\/mws\/media\/2364299O\/3m-iatd-cmsd-product-catalogue-adhesives-sealants-and-fillers-pl.pdf?&amp;fn=3m-iatd-cmsd-product-catalogue-adhesives-sealants-fillers-pl.pdf\" target=\"_blank\" rel=\"nofollow noopener\">Katalog klej\u00f3w 3M<\/a><\/div>\n<div style=\"clear: both;\"><a title=\"Kup w sklepie internetowym\" href=\"https:\/\/progres.pasaz24.pl\/category\/Uszczelniacze-i-kleje-uszczelniajace-96093?#OfertaProduktowa\" target=\"_blank\" rel=\"nofollow noopener\"><img loading=\"lazy\" decoding=\"async\" class=\"alignright size-full wp-image-1610\" src=\"https:\/\/www.progreskb.pl\/wp-content\/uploads\/2017\/05\/kop-online.png\" alt=\"Kup w sklepie internetowym\" width=\"113\" height=\"35\" \/><\/a><\/div>\n","protected":false},"excerpt":{"rendered":"<p>Kleje przemys\u0142owe 3M s\u0105 dobrze znane i doceniane przez ich u\u017cytkownik\u00f3w, firmy z wi\u0119kszo\u015bci bran\u017c produkcyjnych. Wsp\u00f3\u0142czesny odbiorca przemys\u0142owy wymaga od swoich dostawc\u00f3w nie tylko dostarczania produkt\u00f3w spe\u0142niaj\u0105cych najwy\u017csze standardy, [&hellip;]<\/p>\n","protected":false},"author":1,"featured_media":0,"parent":35,"menu_order":0,"comment_status":"closed","ping_status":"closed","template":"","meta":{"footnotes":""},"class_list":["post-897","page","type-page","status-publish","hentry"],"_links":{"self":[{"href":"https:\/\/www.progreskb.pl\/index.php?rest_route=\/wp\/v2\/pages\/897","targetHints":{"allow":["GET"]}}],"collection":[{"href":"https:\/\/www.progreskb.pl\/index.php?rest_route=\/wp\/v2\/pages"}],"about":[{"href":"https:\/\/www.progreskb.pl\/index.php?rest_route=\/wp\/v2\/types\/page"}],"author":[{"embeddable":true,"href":"https:\/\/www.progreskb.pl\/index.php?rest_route=\/wp\/v2\/users\/1"}],"replies":[{"embeddable":true,"href":"https:\/\/www.progreskb.pl\/index.php?rest_route=%2Fwp%2Fv2%2Fcomments&post=897"}],"version-history":[{"count":7,"href":"https:\/\/www.progreskb.pl\/index.php?rest_route=\/wp\/v2\/pages\/897\/revisions"}],"predecessor-version":[{"id":1689,"href":"https:\/\/www.progreskb.pl\/index.php?rest_route=\/wp\/v2\/pages\/897\/revisions\/1689"}],"up":[{"embeddable":true,"href":"https:\/\/www.progreskb.pl\/index.php?rest_route=\/wp\/v2\/pages\/35"}],"wp:attachment":[{"href":"https:\/\/www.progreskb.pl\/index.php?rest_route=%2Fwp%2Fv2%2Fmedia&parent=897"}],"curies":[{"name":"wp","href":"https:\/\/api.w.org\/{rel}","templated":true}]}}