{"id":895,"date":"2011-02-20T16:45:11","date_gmt":"2011-02-20T16:45:11","guid":{"rendered":"http:\/\/www.progreskb.pl\/?page_id=895"},"modified":"2017-08-04T14:10:59","modified_gmt":"2017-08-04T12:10:59","slug":"rite-lok","status":"publish","type":"page","link":"https:\/\/www.progreskb.pl\/?page_id=895","title":{"rendered":"Scotch-Weld\u2122 Kleje cyjanoakrylowe"},"content":{"rendered":"<p><a href=\"https:\/\/www.progreskb.pl\/wp-content\/uploads\/2011\/02\/akrylaty1.jpg\"><img loading=\"lazy\" decoding=\"async\" class=\"alignleft size-full wp-image-1212\" title=\"akrylaty\" src=\"https:\/\/www.progreskb.pl\/wp-content\/uploads\/2011\/02\/akrylaty1.jpg\" alt=\"akrylaty\" width=\"175\" height=\"132\" \/><\/a>Kleje cyjanoakrylowe Scotch-Weld\u2122 szybkie i niezawodne, znajduj\u0105 zastosowanie w firmach z bran\u017cy motoryzacyjnej, u producent\u00f3w maszyn, urz\u0105dze\u0144 i elektroniki, sprz\u0119tu medycznego i innych wyrob\u00f3w. Doskonale sprawdzaj\u0105 si\u0119 w drobnych naprawach wymagaj\u0105cych sklejenia niewielkich element\u00f3w.<\/p>\n<p>W zastosowaniach przemys\u0142owych mog\u0105 by\u0107 aplikowane r\u0119cznie lub z wykorzystaniem automatycznych system\u00f3w dozuj\u0105c<\/p>\n<p><strong>Og\u00f3lnego stosowania &#8211; seria EC<\/strong><\/p>\n<ul>\n<li>Monta\u017c i unieruchamianie niewielkich element\u00f3w<\/li>\n<li>Naprawy p\u0119kni\u0119tych cz\u0119\u015bci<\/li>\n<li>Do klejenia wi\u0119kszo\u015bci popularnych materia\u0142\u00f3w: gumy, metali, wi\u0119kszo\u015bci tworzyw sztucznych.<\/li>\n<\/ul>\n<p><strong>Do metali &#8211; seria MC<\/strong><\/p>\n<ul>\n<li>Opracowane specjalnie do klejenia metali<\/li>\n<\/ul>\n<p><strong>Szybkowi\u0105\u017c\u0105ce &#8211; seria SF<\/strong><\/p>\n<ul>\n<li>Do natychmiastowego \u0142\u0105czenia element\u00f3w<\/li>\n<\/ul>\n<p><strong>Bardzo szybko wi\u0105\u017c\u0105ce &#8211; seria XF<\/strong><\/p>\n<ul>\n<li>Najnowsza generacja klej\u00f3w cyjanoakrylowych o wyj\u0105tkowo kr\u00f3tkim czasie wi\u0105zania wielu r\u00f3\u017cnych materia\u0142\u00f3w<\/li>\n<\/ul>\n<p><strong>Niewra\u017cliwe na rodzaj powiechni (odczyn pH) &#8211; seria SI<\/strong><\/p>\n<ul>\n<li>Do powierzchni porowatych oraz o kwa\u015bnym odczynie (np. drewnopochodnych)<\/li>\n<li>Dzia\u0142aj\u0105 szybko, nawet w warunkach obni\u017conej wilgotno\u015bci otoczenia lub klejonych materia\u0142\u00f3w, tam, gdzie typowe kleje cyjanoakrylowe si\u0119 nie sprawdzaj\u0105.<\/li>\n<\/ul>\n<p><strong>Do tworzyw sztucznych i gumy &#8211; seria PR<\/strong><\/p>\n<ul>\n<li>Opracowane specjalnie do klejenia tworzyw sztucznych, elastomer\u00f3w i gumy<\/li>\n<li>Stosowane razem z lakierem podk\u0142adowym AC77 mog\u0105 by\u0107 u\u017cyte do klejenia polietylenu i polipropylenu<\/li>\n<li>Doskona\u0142e do klejenia PCW, ABS i poliamidu<\/li>\n<li>Zmniejszone wymagania wentylacji pomieszcze\u0144<\/li>\n<\/ul>\n<p><strong>O mniej intensywnym zapachu &#8211; seria LO<\/strong><\/p>\n<ul>\n<li>Na wra\u017cliwych powierzchniach nie tworzy si\u0119 bia\u0142awy nalot wok\u00f3\u0142 spoiny<\/li>\n<li>Do zastosowa\u0144, w kt\u00f3rych bardzo wa\u017cna jest estetyka wyko\u0144czenia<\/li>\n<li>Zmniejszone wymagania wentylacji pomieszcze\u0144.<\/li>\n<\/ul>\n<p><strong>Specjalne &#8211; seria RT, HT<\/strong><\/p>\n<ul>\n<li>Podwy\u017cszona odporno\u015bc na odrywanie, udary, wibracj\u0119 i zwi\u0119kszon\u0105 wilgotno\u015b\u0107<\/li>\n<li>Podwy\u017cszona odporno\u015b\u0107 termiczna i na szoki termiczne<\/li>\n<li>Stosowane w produkcji g\u0142o\u015bnik\u00f3w, elektronice czy motoryzacji (tak\u017ce w komorze silnika).<\/li>\n<\/ul>\n<div><a target=\"_blank\" title=\"Katalog klej\u00f3w 3M\" href=\"http:\/\/progres.katalogklejow3m.pl\/\" rel=\"nofollow\">Katalog klej\u00f3w 3M<\/a><\/div>\n","protected":false},"excerpt":{"rendered":"<p>Kleje cyjanoakrylowe Scotch-Weld\u2122 szybkie i niezawodne, znajduj\u0105 zastosowanie w firmach z bran\u017cy motoryzacyjnej, u producent\u00f3w maszyn, urz\u0105dze\u0144 i elektroniki, sprz\u0119tu medycznego i innych wyrob\u00f3w. Doskonale sprawdzaj\u0105 si\u0119 w drobnych naprawach [&hellip;]<\/p>\n","protected":false},"author":1,"featured_media":0,"parent":35,"menu_order":0,"comment_status":"closed","ping_status":"closed","template":"","meta":{"footnotes":""},"class_list":["post-895","page","type-page","status-publish","hentry"],"_links":{"self":[{"href":"https:\/\/www.progreskb.pl\/index.php?rest_route=\/wp\/v2\/pages\/895","targetHints":{"allow":["GET"]}}],"collection":[{"href":"https:\/\/www.progreskb.pl\/index.php?rest_route=\/wp\/v2\/pages"}],"about":[{"href":"https:\/\/www.progreskb.pl\/index.php?rest_route=\/wp\/v2\/types\/page"}],"author":[{"embeddable":true,"href":"https:\/\/www.progreskb.pl\/index.php?rest_route=\/wp\/v2\/users\/1"}],"replies":[{"embeddable":true,"href":"https:\/\/www.progreskb.pl\/index.php?rest_route=%2Fwp%2Fv2%2Fcomments&post=895"}],"version-history":[{"count":31,"href":"https:\/\/www.progreskb.pl\/index.php?rest_route=\/wp\/v2\/pages\/895\/revisions"}],"predecessor-version":[{"id":1677,"href":"https:\/\/www.progreskb.pl\/index.php?rest_route=\/wp\/v2\/pages\/895\/revisions\/1677"}],"up":[{"embeddable":true,"href":"https:\/\/www.progreskb.pl\/index.php?rest_route=\/wp\/v2\/pages\/35"}],"wp:attachment":[{"href":"https:\/\/www.progreskb.pl\/index.php?rest_route=%2Fwp%2Fv2%2Fmedia&parent=895"}],"curies":[{"name":"wp","href":"https:\/\/api.w.org\/{rel}","templated":true}]}}