{"id":67,"date":"2011-01-31T20:32:03","date_gmt":"2011-01-31T20:32:03","guid":{"rendered":"http:\/\/www.progreskb.pl\/?page_id=67"},"modified":"2012-10-17T14:14:51","modified_gmt":"2012-10-17T12:14:51","slug":"poliestrowe","status":"publish","type":"page","link":"https:\/\/www.progreskb.pl\/?page_id=67","title":{"rendered":"Poliestrowe"},"content":{"rendered":"<h2><span style=\"color: #cc0000;\"><img loading=\"lazy\" decoding=\"async\" class=\"alignleft\" style=\"margin-right: 15px; border: 0pt none;\" src=\"https:\/\/www.progreskb.pl\/wp-content\/uploads\/2012\/10\/tasma_poliestrowa.jpg\" alt=\"\" width=\"140\" height=\"159\" \/><\/span><\/h2>\n<p>Ta\u015bmy poliestrowe &#8211; ta\u015bmy jednostronnie klej\u0105ce preferowane w wielu  zastosowaniach wymagaj\u0105cych cienkiej warstwy no\u015bnej, du\u017cej wytrzyma\u0142o\u015bci  na rozci\u0105ganie, trwa\u0142o\u015bci i odporno\u015bci na podwy\u017cszone temperatury.<\/p>\n<h3>Cechy ta\u015bm poliestrowych:<\/h3>\n<ul>\n<li><strong>cienka warstwa no\u015bna<\/strong> &#8211; w wielu zastosowaniach, np. \u0142\u0105czeniu<\/li>\n<p>element\u00f3w na styk, grubo\u015b\u0107 ta\u015bmy jest czynnikiem decyduj\u0105cym.<br \/>\nPoliestrowa warstwa no\u015bna ta\u015bmy mo\u017ce osi\u0105ga\u0107 grubo\u015b\u0107 minimaln\u0105<br \/>\nnawet     0,025mm, zachowuj\u0105c wysok\u0105 wytrzyma\u0142o\u015b\u0107;<\/ul>\n<ul>\n<li><strong>wytrzyma\u0142o\u015b\u0107 na rozci\u0105ganie<\/strong> &#8211; cz\u0119sto, gdy wymagana jest cienka<\/li>\n<p>warstwa no\u015bna i jej du\u017ca rozci\u0105gliwo\u015b\u0107, ta\u015bma poliestrowa jest     najodpowiedniejsza. Przy rozci\u0105gliwo\u015bci rz\u0119du od 350N\/100mm (przy grubo\u015bci     warstwy 0,025mm) do 2100N\/100mm (przy grubo\u015bci warstwy 0,125mm), folia     poliestrowa nale\u017cy do najbardziej wytrzyma\u0142ych spo\u015br\u00f3d dost\u0119pnych;<\/ul>\n<ul>\n<li><strong>trwa\u0142o\u015b\u0107<\/strong> &#8211; charakterystyka procesu starzenia akrylowej warstwy     klej\u0105cej zapewnia ta\u015bmie d\u0142ugotrwa\u0142\u0105 przylepno\u015b\u0107 niezb\u0119dn\u0105 zar\u00f3wno     przy mocowaniu, jak i dekorowaniu. Przy konieczno\u015bci zachowania d\u0142ugotrwa\u0142ej     przezroczysto\u015bci ta\u015bmy, zalecane jest stosowanie poliestrowej     przezroczystej warstwy no\u015bnej w po\u0142\u0105czeniu z akrylow\u0105 warstw\u0105 klej\u0105c\u0105;<\/li>\n<\/ul>\n<ul>\n<li> <strong>termoodporno\u015b\u0107<\/strong> &#8211; w zastosowaniach wi\u0105\u017c\u0105cych si\u0119 z oddzia\u0142ywaniem     podwy\u017cszonej temperatury.<\/li>\n<\/ul>\n<h3><span style=\"color: #000000;\">Przyk\u0142adowe zastosowania ta\u015bm poliestrowych:<\/span><\/h3>\n<p><strong> <\/strong><img loading=\"lazy\" decoding=\"async\" class=\"alignleft\" style=\"margin-right: 15px; border: 0pt none;\" src=\"https:\/\/www.progreskb.pl\/wp-content\/uploads\/2012\/10\/tasma_poliestrowa_1.jpg\" alt=\"\" width=\"135\" height=\"78\" \/><strong>Grafika<\/strong><\/p>\n<p>cienka i odporna na rozdarcie poliestrowa warstwa no\u015bna oraz nieprzepuszczalna i wyj\u0105tkowo trwa\u0142a akrylowa warstwa klej\u0105ca, umo\u017cliwiaj\u0105 stosowanie przezroczystej ta\u015bmy przy nanoszeniu ilustracji graficznych.<\/p>\n<p><img loading=\"lazy\" decoding=\"async\" class=\"alignleft\" style=\"margin-right: 15px; border: 0pt none;\" src=\"https:\/\/www.progreskb.pl\/wp-content\/uploads\/2012\/10\/tasma_poliestrowa_2.jpg\" alt=\"\" width=\"135\" height=\"78\" \/><strong>\u0141\u0105czenie powierzchni g\u0142adkich<\/strong><\/p>\n<p>cienka, przezroczysta i odporna na rozci\u0105ganie poliestrowa warstwa no\u015bna w po\u0142\u0105czeniu z szybko i trwale wi\u0105\u017c\u0105c\u0105 \u017cywic\u0105 kauczukow\u0105 sprawia, \u017ce ta\u015bma poliestrowa mo\u017ce by\u0107 stosowana przy \u0142\u0105czeniu na styk powierzchni g\u0142adkich, np. polietylenowych.<\/p>\n<p><strong> <\/strong><img loading=\"lazy\" decoding=\"async\" class=\"alignleft\" style=\"margin-right: 15px; border: 0pt none;\" src=\"https:\/\/www.progreskb.pl\/wp-content\/uploads\/2012\/10\/tasma_poliestrowa_3.jpg\" alt=\"\" width=\"135\" height=\"78\" \/><strong>Zabezpieczanie poz\u0142acanych z\u0142\u0105czy<\/strong><\/p>\n<p>odporno\u015b\u0107 chemiczna i w\u0142a\u015bciwo\u015bci plastyczne polietylenowej warstwy no\u015bnej, w po\u0142\u0105czeniu ze specjalnie skomponowan\u0105 warstw\u0105 klej\u0105c\u0105 z \u017cywicy kauczukowej, umo\u017cliwia wykorzystanie ta\u015bmy poliestrowej przy produkcji p\u0142ytek drukowanych.<\/p>\n<p><img loading=\"lazy\" decoding=\"async\" class=\"alignleft\" style=\"margin-right: 15px; border: 0pt none;\" src=\"https:\/\/www.progreskb.pl\/wp-content\/uploads\/2012\/10\/tasma_poliestrowa_4.jpg\" alt=\"\" width=\"135\" height=\"78\" \/><strong>\u0141\u0105czenie papieru silikowanego<\/strong><\/p>\n<p>cienka i odporna na rozci\u0105ganie poliestrowa warstwa no\u015bna, w po\u0142\u0105czeniu z silikonow\u0105 warstw\u0105 klej\u0105c\u0105 o znakomitych parametrach umo\u017cliwia wykorzystanie ta\u015bmy poliestrowej przy sklejaniu papieru silikonowanego.<\/p>\n<p><strong> <\/strong><img loading=\"lazy\" decoding=\"async\" class=\"alignleft\" style=\"margin-bottom: 35px; margin-right: 15px; border: 0pt none;\" src=\"https:\/\/www.progreskb.pl\/wp-content\/uploads\/2012\/10\/tasma_poliestrowa_5.jpg\" alt=\"\" width=\"135\" height=\"78\" \/><strong>Zabezpieczanie powierzchni plastikowych i g\u0142adkich powierzchni metalowych<\/strong><\/p>\n<p>cienka, przezroczysta i wytrzyma\u0142a poliestrowa warstwa no\u015bna oraz nieprzepuszczalna warstwa klej\u0105ca o niskiej przylepno\u015bci pocz\u0105tkowej, powoduj\u0105, \u017ce ta\u015bma poliestrowa mo\u017ce by\u0107 z powodzeniem stosowana jako zabezpieczenie powierzchni plastykowych oraz g\u0142adkich powierzchni metalu przed porysowaniem podczas operacji monta\u017cowych.<\/p>\n<p><strong> <\/strong><img loading=\"lazy\" decoding=\"async\" class=\"alignleft\" style=\"margin-right: 15px; border: 0pt none;\" src=\"https:\/\/www.progreskb.pl\/wp-content\/uploads\/2012\/10\/tasma_poliestrowa_6.jpg\" alt=\"\" width=\"135\" height=\"78\" \/><strong>Wzmacnianie kraw\u0119dzi <\/strong><\/p>\n<p>cienka, przezroczysta i odporna na rozdarcie warstwa no\u015bna oraz trwa\u0142a i odporna na \u017c\u00f3\u0142kni\u0119cie akrylowa warstwa klej\u0105ca powoduj\u0105, \u017ce ta\u015bma poliestrowa dobrze nadaje si\u0119 np. do wzmacniania kraw\u0119dzi oraz brzeg\u00f3w otwor\u00f3w ko\u0142onotatnika.<\/p>\n","protected":false},"excerpt":{"rendered":"<p>Ta\u015bmy poliestrowe &#8211; ta\u015bmy jednostronnie klej\u0105ce preferowane w wielu zastosowaniach wymagaj\u0105cych cienkiej warstwy no\u015bnej, du\u017cej wytrzyma\u0142o\u015bci na rozci\u0105ganie, trwa\u0142o\u015bci i odporno\u015bci na podwy\u017cszone temperatury. Cechy ta\u015bm poliestrowych: cienka warstwa no\u015bna [&hellip;]<\/p>\n","protected":false},"author":1,"featured_media":0,"parent":37,"menu_order":0,"comment_status":"closed","ping_status":"open","template":"","meta":{"footnotes":""},"class_list":["post-67","page","type-page","status-publish","hentry"],"_links":{"self":[{"href":"https:\/\/www.progreskb.pl\/index.php?rest_route=\/wp\/v2\/pages\/67","targetHints":{"allow":["GET"]}}],"collection":[{"href":"https:\/\/www.progreskb.pl\/index.php?rest_route=\/wp\/v2\/pages"}],"about":[{"href":"https:\/\/www.progreskb.pl\/index.php?rest_route=\/wp\/v2\/types\/page"}],"author":[{"embeddable":true,"href":"https:\/\/www.progreskb.pl\/index.php?rest_route=\/wp\/v2\/users\/1"}],"replies":[{"embeddable":true,"href":"https:\/\/www.progreskb.pl\/index.php?rest_route=%2Fwp%2Fv2%2Fcomments&post=67"}],"version-history":[{"count":29,"href":"https:\/\/www.progreskb.pl\/index.php?rest_route=\/wp\/v2\/pages\/67\/revisions"}],"predecessor-version":[{"id":619,"href":"https:\/\/www.progreskb.pl\/index.php?rest_route=\/wp\/v2\/pages\/67\/revisions\/619"}],"up":[{"embeddable":true,"href":"https:\/\/www.progreskb.pl\/index.php?rest_route=\/wp\/v2\/pages\/37"}],"wp:attachment":[{"href":"https:\/\/www.progreskb.pl\/index.php?rest_route=%2Fwp%2Fv2%2Fmedia&parent=67"}],"curies":[{"name":"wp","href":"https:\/\/api.w.org\/{rel}","templated":true}]}}