{"id":35,"date":"2011-01-31T20:07:57","date_gmt":"2011-01-31T20:07:57","guid":{"rendered":"http:\/\/www.progreskb.pl\/?page_id=35"},"modified":"2026-01-05T23:02:12","modified_gmt":"2026-01-05T21:02:12","slug":"kleje","status":"publish","type":"page","link":"https:\/\/www.progreskb.pl\/?page_id=35","title":{"rendered":"Kleje"},"content":{"rendered":"<p><img loading=\"lazy\" decoding=\"async\" class=\"aligncenter\" style=\"margin-center: 25px; border: 0pt none;\" src=\"https:\/\/www.progreskb.pl\/wp-content\/uploads\/2012\/10\/kleje2.jpg\" alt=\"\" width=\"243\" height=\"213\" \/><\/p>\n<ul>\n<li>3M\u2122 Scotch-Weld\u2122PUR reaktywne kleje poliuretanowe- szybkie po\u0142\u0105czenie konstrukcyjne o wysokiej wytrzyma\u0142o\u015bci<\/li>\n<li><span style=\"font-family: Verdana;\">3M\u2122 Scotch-Weld<\/span> \u2122Kleje termotopliwe &#8211; r\u00f3\u017cnorodno\u015b\u0107, szybko\u015b\u0107 i wygoda<\/li>\n<li>3M\u2122 <span style=\"font-family: Verdana;\">Scotch-Weld\u2122 EPX<\/span>&#8211; oszcz\u0119dne klejenie, dok\u0142adne mieszanie i dozowanie<\/li>\n<li>3M\u2122 Scotch-Weld\u2122<span style=\"font-family: Verdana;\">Kleje wodne kontaktowe<\/span> &#8211; spos\u00f3b na wyeliminowanie rozpuszczalnik\u00f3w z procesu klejenia<\/li>\n<li>3M\u2122 Scotch-Weld\u2122Preparaty anaerobowe &#8211; powszechnie stosowane w procesach produkcyjnych oraz w utrzymaniu ruchu w zak\u0142adach przemys\u0142owych.<\/li>\n<li>Aerozole przemys\u0142owe &#8211; szybkie, \u0142atwe w u\u017cyciu, ekonomiczne<\/li>\n<li>3M\u2122 Scotch-Weld\u2122Kleje cyjanoakrylowe\u00a0 &#8211; szybkie i niezawodne<\/li>\n<li>Uszczelniacze i kleje uszczelniaj\u0105ce 3M<\/li>\n<\/ul>\n<div><a title=\"Katalog klej\u00f3w 3M\" href=\"https:\/\/multimedia.3m.com\/mws\/media\/2364299O\/3m-iatd-cmsd-product-catalogue-adhesives-sealants-and-fillers-pl.pdf?&amp;fn=3m-iatd-cmsd-product-catalogue-adhesives-sealants-fillers-pl.pdf\" target=\"_blank\" rel=\"nofollow noopener\">Katalog klej\u00f3w 3M<\/a><\/div>\n<div style=\"clear: both;\"><a title=\"Kup w sklepie internetowym\" href=\"https:\/\/progres.pasaz24.pl\/category\/Kleje-94700?#OfertaProduktowa\" target=\"_blank\" rel=\"nofollow noopener\"><img loading=\"lazy\" decoding=\"async\" class=\"alignright size-full wp-image-1610\" src=\"https:\/\/www.progreskb.pl\/wp-content\/uploads\/2017\/05\/kop-online.png\" alt=\"Kup w sklepie internetowym\" width=\"113\" height=\"35\" \/><\/a><\/div>\n","protected":false},"excerpt":{"rendered":"<p>3M\u2122 Scotch-Weld\u2122PUR reaktywne kleje poliuretanowe- szybkie po\u0142\u0105czenie konstrukcyjne o wysokiej wytrzyma\u0142o\u015bci 3M\u2122 Scotch-Weld \u2122Kleje termotopliwe &#8211; r\u00f3\u017cnorodno\u015b\u0107, szybko\u015b\u0107 i wygoda 3M\u2122 Scotch-Weld\u2122 EPX&#8211; oszcz\u0119dne klejenie, dok\u0142adne mieszanie i dozowanie 3M\u2122 [&hellip;]<\/p>\n","protected":false},"author":1,"featured_media":0,"parent":0,"menu_order":8,"comment_status":"closed","ping_status":"open","template":"","meta":{"footnotes":""},"class_list":["post-35","page","type-page","status-publish","hentry"],"_links":{"self":[{"href":"https:\/\/www.progreskb.pl\/index.php?rest_route=\/wp\/v2\/pages\/35","targetHints":{"allow":["GET"]}}],"collection":[{"href":"https:\/\/www.progreskb.pl\/index.php?rest_route=\/wp\/v2\/pages"}],"about":[{"href":"https:\/\/www.progreskb.pl\/index.php?rest_route=\/wp\/v2\/types\/page"}],"author":[{"embeddable":true,"href":"https:\/\/www.progreskb.pl\/index.php?rest_route=\/wp\/v2\/users\/1"}],"replies":[{"embeddable":true,"href":"https:\/\/www.progreskb.pl\/index.php?rest_route=%2Fwp%2Fv2%2Fcomments&post=35"}],"version-history":[{"count":20,"href":"https:\/\/www.progreskb.pl\/index.php?rest_route=\/wp\/v2\/pages\/35\/revisions"}],"predecessor-version":[{"id":1690,"href":"https:\/\/www.progreskb.pl\/index.php?rest_route=\/wp\/v2\/pages\/35\/revisions\/1690"}],"wp:attachment":[{"href":"https:\/\/www.progreskb.pl\/index.php?rest_route=%2Fwp%2Fv2%2Fmedia&parent=35"}],"curies":[{"name":"wp","href":"https:\/\/api.w.org\/{rel}","templated":true}]}}